38?
38
Suppose -124*g + 140 = -120*g + 2*x, 4*g - 152 = -5*x. Suppose 0 = 5*r - 213 + 48. Calculate the highest common divisor of g and r.
33
Suppose -5*s = -25, -21*s + 19*s - 518 = -3*l. Calculate the greatest common divisor of 33 and l.
11
Suppose 15 + 252 = 15*n - 3. What is the greatest common divisor of 47214 and n?
18
Suppose 0 = -4*x + 4*v + 1492, 49*x - v + 731 = 51*x. Suppose 21*g = 37*g - x. What is the greatest common divisor of g and 1610?
23
Let z(l) = -l**2 - l**3 + 0 + 0 - 3*l**2 - l. Let s be z(-1). Let w(m) = 21*m**2 + m - 1. Let j be w(s). Calculate the greatest common factor of j and 9.
9
Let u(k) = 89 + k - 5*k - 5. Let n = 21 + -15. Let p be u(n). Calculate the highest common factor of 45 and p.
15
Let c be 32*((-81)/(-6))/9. Let f = 107 + -103. Suppose -20 - f = -2*r. Calculate the greatest common divisor of r and c.
12
Let g be (0 - 380) + 18 + -14. Let a be 6/(96/g)*-2. What is the highest common divisor of a and 47?
47
Let u be 82 + 2/1 + -4. Let y(m) = 46*m + 434. Let i be y(-9). Calculate the greatest common factor of i and u.
20
Suppose -11*d + 9*d + f + 6672 = 0, 10*d + 2*f = 33304. What is the greatest common divisor of d and 136?
68
Let n be (7/((-84)/(-64)))/(64/384). Calculate the greatest common factor of 7152 and n.
16
Let w(d) = -4*d - 3. Let m be w(-3). Suppose -4*g - 5*o = -72, -3*g + 5*o = -2*g + 7. Suppose g*j - 76 = m*j. What is the greatest common factor of j and 171?
19
Let n be (226/(-4))/(-11 - (-504)/48). Calculate the greatest common divisor of 8475 and n.
113
Let b be (-80 - -20)/(6/(-219)). What is the highest common divisor of b and 40?
10
Suppose -3*g + 5*q + 1 = 796, -5*g + q - 1303 = 0. Let k = g + 77. Let i be (-24)/(-30) - k/15. Calculate the highest common divisor of 26 and i.
13
Let p be ((-2)/3)/(2/36). Let d(u) = u**2 + 12*u + 18. Let j be d(p). Let l be (12/15)/(6/135). What is the highest common divisor of l and j?
18
Suppose 888 = 4*p - 3*o, -149 = -p - 7*o + 104. What is the greatest common factor of p and 180?
45
Let f be (-18)/(-6)*20/3. Let o = 0 + f. Calculate the greatest common factor of 170 and o.
10
Let q(x) = 2*x**3 - 5*x**2 - 4. Let h be q(4). Let l = 69 - h. Let g be ((5250/56)/25)/((-6)/(-440)). Calculate the greatest common factor of g and l.
25
Let j be -2878*9/(-72) - 3/(-12). What is the highest common divisor of j and 80?
40
Let s be 7 + -13 - -13 - 4. Let a(h) = h**3 - h**2 - h - 2. Let q be a(2). Let v be (7 + (-4 - q))/(s/40). What is the highest common divisor of 5 and v?
5
Suppose -5*o + 5*y = -415, -86*o + 88*o - 4*y - 178 = 0. Calculate the greatest common factor of 189 and o.
7
Let q = 47 - 17. Let r be q + 12/30*10. What is the greatest common factor of r and 306?
34
Let a be ((-12)/(-1))/((-184)/(-230)*6/8). What is the greatest common divisor of a and 13940?
20
Let v = -5 - -7. Suppose 26 = 4*g + 2*d - 6, g = 4*d - 19. Calculate the highest common factor of g and v.
1
Suppose -43*v = 99 - 1604. Calculate the greatest common factor of v and 65.
5
Suppose 644 = u + 5*d, 2*u - 1236 - 17 = -3*d. Let v = -283 + u. What is the greatest common factor of 36 and v?
12
Suppose 4151*p + 76 = 4152*p + 4*z, -4*p = -z - 168. What is the highest common factor of p and 520?
4
Suppose 0*g + 11*g - 1815 = 0. Let x = g + -156. What is the highest common divisor of x and 81?
9
Suppose -9*m + 1363 = -392. What is the highest common factor of m and 165?
15
Suppose 21 + 375 = 9*f. Suppose f*w + 768 = 50*w. Calculate the highest common divisor of 4 and w.
4
Suppose -3*p + 73 = h - 0*h, 0 = 2*p + h - 50. Let s be (-2)/(-1) - (-93)/3. Let f = s - p. Calculate the highest common factor of f and 20.
10
Let z be 1*((-20601)/(-12) + 6/24). What is the highest common factor of 17 and z?
17
Let s = 7113 + -7003. What is the highest common factor of 16280 and s?
110
Let l be (-1 + 5/3)*(135 - 6). Let q = l - 79. Calculate the greatest common divisor of q and 133.
7
Let i(f) = 3*f**3 - f**2 - 4*f. Let k = 13 - 7. Suppose 0 = -78*d + 80*d - k. Let g be i(d). What is the greatest common divisor of 36 and g?
12
Suppose 0 = 48*i - 496 + 16. Let q(p) = -5*p + 6*p + 7*p - 2*p**2 + 10 + 11*p**2 + p**3. Let v be q(-8). Calculate the greatest common factor of v and i.
10
Suppose 4*b = -3*r + r + 24, -b = -4*r - 15. Suppose 14*z - b*z = 63. Calculate the highest common divisor of z and 45.
9
Suppose 2*h = i + 48, 4*i - 84 = -7*h + 3*h. Calculate the greatest common divisor of 8809 and h.
23
Let q be (-356840)/(-330) + (-10)/(-6) + -2. Calculate the greatest common factor of 23 and q.
23
Suppose 24*k - 2817 + 1811 = 5066. Calculate the greatest common divisor of 198 and k.
11
Let w = -104 + 272. Suppose -u - 3*b - 86 = 275, u = -5*b - 369. Let d = u - -370. Calculate the highest common factor of d and w.
21
Suppose 2*g = 22 + 676. Suppose -4*o = -5*w - g, -2*w = 4*o - 2*o - 188. Calculate the highest common divisor of o and 7.
7
Suppose -5*z + 76 = 14*z. Let s be (26 + 0)*(58/z - 8). What is the greatest common divisor of 13 and s?
13
Let f be 4219 - (0 + 121/11). What is the highest common divisor of 48 and f?
16
Let o(k) = 2*k. Let r be o(2). Let w = 6496 + -6046. Suppose r*a + w = 10*a. What is the highest common divisor of a and 30?
15
Let t(h) = 77*h + 1. Let o be t(-1). Let s be 16/2*(-159)/12. Let a = o - s. What is the greatest common divisor of 12 and a?
6
Suppose 16 = a + 2*y, -4*a - 224*y + 64 = -221*y. What is the highest common divisor of a and 124?
4
Let u be 86/(-1) + (-3)/(15/20). Let v = u + 95. Suppose -v*n + 16 = -304. What is the greatest common factor of 16 and n?
16
Suppose 21*n - 18003 = -1938. What is the highest common divisor of 450 and n?
45
Suppose 45 = 4*v - 5*z, -43 = 176*v - 180*v + 3*z. Calculate the greatest common divisor of 1930 and v.
10
Let h be (12/(-10))/(19 - (-386)/(-20)). Let g = 27 + 1. Suppose -i - i + g = 0. Calculate the greatest common divisor of h and i.
2
Suppose 3*z - 5935 = -5*t, -18*z = -17*z - 5. Calculate the highest common divisor of 448 and t.
32
Suppose -10233 = -3*a - 5*i + 2865, 0 = 2*a - 2*i - 8716. Calculate the highest common divisor of 49 and a.
49
Let a = 4715 - 4698. Suppose 5*x - 7*x = -1258. What is the highest common factor of a and x?
17
Let b = 1254 + -1139. What is the greatest common factor of b and 245?
5
Let f be (37*12/6)/1. Let l be -8 + f*(-1 - -9). Calculate the highest common divisor of l and 8.
8
Suppose -3*s - 4*r = -0*r - 282, 5*r = 3*s - 255. Let y be (2 + 56 - -1) + 1. What is the greatest common factor of y and s?
30
Suppose -2*n + 10914 = 2*i, -n - 43*i = -40*i - 5469. Calculate the highest common factor of 69 and n.
69
Let a = 2917 - 2798. What is the greatest common factor of 10438 and a?
17
Suppose -52603 = -185*k + 156077. Calculate the highest common divisor of k and 336.
24
Let f be ((12/(-1) + -2)/(-3))/((-380)/(-18240)). What is the highest common divisor of 532 and f?
28
Suppose -30 = -11*n + 531. Suppose 3*c + 3 = n. What is the highest common factor of 5 and c?
1
Let d = -1346 - -1416. Let q be (-2)/8*14*-8. Suppose 0 = -5*i + q + 42. Calculate the highest common factor of i and d.
14
Let c be (23/(-2))/(3/(-12)). Let x(q) = -q**3 - 9*q**2 - 12*q - 9. Let k be x(-8). Calculate the highest common divisor of k and c.
23
Suppose -8*p + 121 + 15 = 0. Let a = 64 - p. Calculate the greatest common divisor of 752 and a.
47
Suppose 128*d = 116*d + 492. Calculate the highest common divisor of 1312 and d.
41
Let v(m) = 6 + 2*m**2 - 8 + 3*m - 12. Let l be v(9). Suppose -37*z + 34*z = -4*x - 83, z - 21 = -2*x. What is the highest common factor of l and z?
25
Let f = -440 - -788. Let z be 14/(-42) + (-73)/(-3). Calculate the greatest common factor of z and f.
12
Suppose 0*a + 3*a = 861. Let z = a - 261. What is the highest common factor of 39 and z?
13
Suppose -3 + 11 = u + 2*y, y = -5. Suppose 0 = u*h - 213 + 141. Calculate the highest common divisor of h and 12.
4
Suppose -h = 3*h - 3*p - 335, 2*h = p + 167. Suppose 0 = -2*k - h + 99. Calculate the highest common divisor of 200 and k.
8
Let l be (715/(-110))/((-3)/12). What is the highest common factor of 212 and l?
2
Let c = -384 + 528. Let l be 2*4/12*c. Let k = -73 - -105. What is the greatest common factor of l and k?
32
Suppose -23*u + 121 = -22*u - 5*g